1 - -26788. Calculate the remainder when y is divided by b(4).
5
Suppose 0*n = 6*n - 6. Let u(z) = 85*z**2 + 6*z - 5. Calculate the remainder when u(n) is divided by 29.
28
Suppose -4*c = -0*c - 20. Let r(x) = -x**3 - 5*x**2 + 29*x + 148. Calculate the remainder when r(-6) is divided by c.
0
Suppose -49*o + 20 = -45*o, -5*o = -4*g - 17. Calculate the remainder when 268 is divided by g.
0
Let c(o) = -o**3 + o**2 - 5*o - 5. Let d(s) = -s + 50. Calculate the remainder when d(0) is divided by c(-2).
16
Suppose 0 = -i - 4*i, -412 = -4*u - 5*i. What is the remainder when u is divided by 16 - 16 - -21*1?
19
Let z(i) = 5*i - 4. Let r(g) = g**3 + 11*g**2 - 3*g - 13. Calculate the remainder when r(-11) is divided by z(3).
9
Let x be ((-6)/(-5))/(14/35). Suppose d - 2 = 3*k + x, -16 = -2*d + 3*k. Suppose 0*s = 4*s - 76. Calculate the remainder when s is divided by d.
8
Let z = -105 - -139. Calculate the remainder when 62 is divided by z.
28
Let o = -37 - -50. Let i(x) = 4*x - 12. What is the remainder when i(o) is divided by 14?
12
Let b be (-41)/(-7) - (-2)/14. Let t be 6/(-30)*(-1 + b). What is the remainder when (2 + t)*3 - -12 is divided by 4?
3
Suppose 0 = y - 4*h - 7 - 14, 5*y - h - 162 = 0. Suppose 3*j - y = -2*k + 40, -2*j + 47 = k. Suppose p - 58 = 3. Calculate the remainder when p is divided by j.
19
Let f(q) = 3*q - 39. Let l = 58 + -35. Let a = -8 - -19. Calculate the remainder when f(l) is divided by a.
8
Suppose -36*k + 87*k - 1734 = 0. Suppose b - 4*f - 9 - 8 = 0, -4*b + 4*f + 56 = 0. Calculate the remainder when k is divided by b.
8
Let o = 34 - 38. Calculate the remainder when ((-60)/16 - o) + 515/4 is divided by 22.
19
Let f be 2/3*27/6. Let t(g) = 2*g**2 + 38*g - 24. Let z be t(-20). Suppose -f*n - z = -4*n. What is the remainder when n is divided by 6?
4
Suppose 0*h = 2*h. Suppose h = 3*w + 15, -3*u + 4*w - 2*w = -301. What is the remainder when u is divided by 33?
31
Let f = -19 - -122. What is the remainder when f is divided by 23?
11
Let g = -335 + 544. Calculate the remainder when g is divided by 35.
34
Let r = -6 - -9. Suppose 20*y + r = 21*y. What is the remainder when 11 is divided by y?
2
Suppose -20*m - 25 = -2605. What is the remainder when m is divided by 32?
1
What is the remainder when (-1*(-33)/(-2))/((-3)/4) is divided by (24/(-20))/((-4)/10)?
1
Let i(w) = 15*w + 202. What is the remainder when i(-10) is divided by 32?
20
Let d = 227 + -225. Calculate the remainder when d is divided by 2.
0
Let m = 27 + 2. Let a = 70 - 126. Calculate the remainder when m is divided by (24/(-7))/(12/a).
13
Let l be (0 - 0)*1/1*-1. Suppose -3*w + 4*m - 3*m + 289 = l, w + 3*m = 103. What is the remainder when w is divided by 33?
31
Suppose 777 = -16*l + 23*l. Calculate the remainder when l is divided by 52.
7
Suppose r + 2*g = 229, 0 = -4*g + 7 - 15. What is the remainder when r is divided by 59?
56
Let q(l) = 14*l + 62. Calculate the remainder when 94 is divided by q(-4).
4
Suppose -3*p - 2079 = -4*m, -15*m + 20*m = 2*p + 2604. What is the remainder when m is divided by 104?
2
Let r(v) = -v**2 - 9*v + 1. Suppose 5*y - 5 = 4*z - 0, -y - 3*z + 1 = 0. Let m(l) = 6*l. What is the remainder when r(-3) is divided by m(y)?
1
Calculate the remainder when 1 - 14 - (48 - 266) is divided by 17.
1
Suppose 5*d - 2 - 3 = 0. Suppose a - 26 = -d. Suppose 0 = -5*g + a, 4*g + 44 = 3*s - g. Calculate the remainder when 90 is divided by s.
21
Suppose -4*n + 50 = 2*s - 2, -n + 3*s - 1 = 0. Suppose 7*k + 20 = n*k. What is the remainder when 4 is divided by (k/15)/((-2)/(-12))?
0
Let c(r) be the second derivative of r**4/12 + 2*r**3/3 + 7*r**2/2 - 11*r. Let z be c(-5). Calculate the remainder when 17 is divided by z/1 + (6 - 8).
7
Let u(w) = 16*w + 506. Calculate the remainder when u(-19) is divided by 2.
0
Let y(x) = -x**3 + 17*x**2 + 18*x + 109. Calculate the remainder when y(17) is divided by 10.
5
Let y(k) = -k**3 + 21*k**2 - 19*k - 2. Calculate the remainder when 231 is divided by y(20).
15
Let x = -274 - -363. What is the remainder when 94 is divided by x?
5
Let l(p) be the first derivative of -p**4/4 + 8*p**3/3 - 3*p**2 - 8*p + 4. Let q be l(7). What is the remainder when 36 is divided by q*((-10 - 1) + -2)?
10
Let g = -357 + 154. Let s = g + 338. Calculate the remainder when s is divided by 34.
33
Let z(y) = -7*y + 6. Let p be z(4). Let v = -20 - p. Suppose v*j + 0*j - 28 = 0. What is the remainder when j is divided by 5?
4
Calculate the remainder when ((-327)/(-12))/(6/24) is divided by 22.
21
Suppose -3*v - 7 = -2*v. Let r be (-2)/5*(-12 - v). Suppose 0 = f - 4*d + 5, f + r*d = -2*f + 41. Calculate the remainder when 20 is divided by f.
9
Suppose -4*t + 301 + 35 = 4*q, 3*q = 3*t - 282. Let d = 134 - t. Suppose -64 = -5*k + 4*p, -k + 6 + 2 = -2*p. What is the remainder when d is divided by k?
13
Let o(z) = 4*z + 39. Let c be o(-13). Let g(y) = -y**3 - 14*y**2 - 15*y - 15. What is the remainder when g(c) is divided by 3?
2
Suppose -7*h + 742 = -0*h. Let r = h + -72. Calculate the remainder when 100 is divided by r.
32
Suppose 9*x = 7*x - 16. Calculate the remainder when x/(-44) - (-2403)/33 is divided by 25.
23
Let i(o) = 12*o + 5. Let w(u) = -11*u - 6. Let f(g) = -5*i(g) - 4*w(g). Suppose -2*h = -h + 2. Calculate the remainder when f(h) is divided by 11.
9
Suppose 21 = 3*r - 123. Suppose 0*m + 2*m - r = -5*n, -n = 4*m - 60. Let h(d) = -12*d + 1. What is the remainder when h(-2) is divided by m?
11
Suppose -162 = -15*v - 3*v. Calculate the remainder when 43 is divided by v.
7
Suppose -3*c - 30 = -8*c. Suppose -8 = -a + c. What is the remainder when 68 is divided by a?
12
Let f(u) = u**3 - 14*u**2 + 42*u + 11. What is the remainder when 92 is divided by f(10)?
30
Suppose -3*c + 4*v = -95, c + 13*v = 14*v + 33. What is the remainder when 961 is divided by c?
36
Let j = -133 + 133. Suppose j = 11*d - 75 - 68. What is the remainder when 31 is divided by d?
5
Suppose -195*d + 206*d = 352. What is the remainder when d is divided by 10?
2
Let d be (-1)/(1 + (-15)/10). Let r = -15 + 22. Suppose r*k = d*k + 195. What is the remainder when 114 is divided by k?
36
Suppose 3*u + 2*u = 5*l, -3*l + 14 = 4*u. Suppose 5*s = -l*q + 40, 2*s = 4*q + 19 + 21. Calculate the remainder when s is divided by 3.
1
Suppose -222 = -24*h + 22*h. Let f(w) = 3*w - 2. What is the remainder when h is divided by f(7)?
16
Suppose -34*c = -11*c - 552. Calculate the remainder when 599 is divided by c.
23
Suppose -4*i - 18*i + 6226 = 0. What is the remainder when i is divided by 97?
89
Let z = 239 + -18. Calculate the remainder when z is divided by 32.
29
What is the remainder when 1/(2/6)*5494/123 is divided by 23?
19
Suppose 6*k - 9*k - 172 = -4*n, -4*n - 3*k + 172 = 0. What is the remainder when 80 is divided by n?
37
Suppose 0 = o - 3*o + 96. Let r(n) = 4*n + 6. Let k(l) = -8*l - 13. Let b(a) = -3*k(a) - 7*r(a). Calculate the remainder when o is divided by b(-5).
14
Let v(s) = -s**3 + 8*s**2 - 8*s + 4. Suppose 4*b - k = 3*b + 10, -2*k - 35 = -5*b. What is the remainder when v(b) is divided by 14?
11
Let f = -14 + 18. Suppose f*c + 19 = 95. Calculate the remainder when 75 is divided by c.
18
Let d(u) = 45*u - 603. Calculate the remainder when d(16) is divided by 24.
21
Let o(i) = 232*i**2 - 4*i - 5. Calculate the remainder when o(-1) is divided by 26.
23
Let y(g) = 3*g**2 - 2*g - 1. Let s be y(-1). Suppose s*n - 30 = 18. Suppose -i - 1 = 0, i + n = 2*x - i. What is the remainder when 7 is divided by x?
2
Suppose 19 = n + 14. Calculate the remainder when (16/(-10))/((-2)/n) is divided by 2.
0
Suppose -3*j - c + 29 = 0, 27*j = 24*j + c + 19. What is the remainder when 39 is divided by j?
7
Let u = -32 - -54. Suppose -5*k + u = -3. Suppose -l + 14 = k. What is the remainder when 14 is divided by l?
5
What is the remainder when 128 is divided by -2 + 24/15 + 11767/205?
14
Suppose 2*l + 2*l + 4*z - 548 = 0, z - 548 = -4*l. Calculate the remainder when l is divided by 16.
9
Let t = -35 - -10. Let n(q) = -3*q + 20. Let r(a) = -a**3 - 5*a**2 - 6*a - 6. Calculate the remainder when n(t) is divided by r(-5).
23
Let y(g) = -g**2 - 12*g - 11. Let d be y(-9). Suppose -4*r - d + 76 = 0. Calculate the remainder when r is divided by 8.
7
Let u(m) = m**2 - 3*m - 41. Let h be u(0). Let s = 59 + h. Ca